7060240 a multiple of 16?
True
Is 24 a factor of 37024152?
True
Is 843111000 a multiple of 360?
True
Is 1639 a factor of 55805149?
False
Is 1568 a factor of 13036352?
True
Is 4 a factor of 24289096?
True
Does 6 divide 57198684?
True
Is 427365114 a multiple of 33?
True
Does 32 divide 2298724096?
True
Is 10707676 a multiple of 4?
True
Is 71 a factor of 25962742?
False
Does 1890 divide 17881290?
True
Is 1268 a factor of 334994478?
False
Is 19910235 a multiple of 52?
False
Is 691 a factor of 119101939?
False
Is 11 a factor of 11285384?
True
Does 31 divide 183877310?
False
Does 4390 divide 404134875?
False
Is 572194532 a multiple of 14?
True
Is 89 a factor of 22440816?
True
Does 276 divide 124127136?
True
Is 19 a factor of 148072556?
False
Is 324 a factor of 35019637?
False
Does 16 divide 151535168?
True
Is 9993538 a multiple of 239?
False
Is 72986108 a multiple of 13?
True
Is 4 a factor of 76649764?
True
Does 3296 divide 4284552800?
True
Does 14 divide 771993145?
False
Is 59 a factor of 2431688366?
False
Does 42 divide 224116791?
False
Does 1238 divide 350636264?
True
Does 5185 divide 474256474?
False
Does 401 divide 6168182?
True
Is 7 a factor of 11026932?
True
Does 91 divide 39530764?
True
Does 35 divide 113915596?
False
Does 893 divide 101892693?
False
Is 4 a factor of 38431493?
False
Is 44 a factor of 187726905?
False
Does 17 divide 45812161?
True
Is 89 a factor of 496749584?
True
Is 145 a factor of 131778718?
False
Is 209361856 a multiple of 16?
True
Does 123 divide 65025918?
True
Is 177907191 a multiple of 1640?
False
Is 72 a factor of 175039776?
True
Does 541 divide 180454419?
False
Is 17994768 a multiple of 66?
True
Is 1655605 a multiple of 260?
False
Is 84514668 a multiple of 12?
True
Does 664 divide 725744955?
False
Is 15907484 a multiple of 38?
True
Is 401 a factor of 577377043?
True
Is 453 a factor of 16320788?
False
Is 318065850 a multiple of 119?
False
Does 67 divide 2278047369?
True
Does 3468 divide 86381974?
False
Does 26 divide 239022185?
False
Is 751272848 a multiple of 248?
True
Is 51 a factor of 245616290?
False
Is 1455603780 a multiple of 6121?
False
Does 14 divide 1880831764?
True
Does 3 divide 13986975?
True
Is 9 a factor of 32802408?
True
Is 1746036 a multiple of 12?
True
Is 2423776498 a multiple of 8614?
False
Is 437631214 a multiple of 139?
True
Does 978 divide 3545124479?
False
Does 102 divide 3405066?
True
Is 2852524 a multiple of 49?
False
Is 33 a factor of 1048311561?
True
Is 19587680 a multiple of 10?
True
Does 7 divide 40724516?
True
Is 496 a factor of 52794388?
False
Does 55 divide 737153900?
False
Does 1119 divide 3379380?
True
Does 403 divide 9328693?
False
Is 59078124 a multiple of 428?
True
Is 192255527 a multiple of 197?
False
Is 6075454 a multiple of 25?
False
Is 137 a factor of 10263629?
True
Does 3305 divide 516913322?
False
Does 1276 divide 371061357?
False
Is 143 a factor of 39657332?
True
Is 884730472 a multiple of 3362?
True
Does 1482 divide 38252983?
False
Is 453 a factor of 3032574525?
True
Does 6 divide 2010224360?
False
Is 425 a factor of 179284223?
False
Is 8 a factor of 25672536?
True
Is 43 a factor of 6884268?
False
Is 11 a factor of 183877446?
False
Is 16 a factor of 5096841345?
False
Is 190 a factor of 4168629070?
True
Is 18658308 a multiple of 211?
True
Does 308 divide 165913132?
True
Is 18437476 a multiple of 2?
True
Is 1632 a factor of 99924320?
False
Does 153 divide 2821626?
True
Is 28 a factor of 22356180?
True
Does 2887 divide 133237937?
True
Is 5113201263 a multiple of 1020?
False
Is 273 a factor of 4364315191?
False
Is 13723364 a multiple of 709?
False
Is 14 a factor of 183051624?
True
Does 59 divide 227598813?
True
Is 113 a factor of 3626336?
False
Is 109 a factor of 19839817?
False
Is 184770912 a multiple of 32?
True
Is 27310920 a multiple of 1092?
True
Is 558 a factor of 2442752694?
True
Is 4307500112 a multiple of 3603?
False
Is 121 a factor of 76805960?
True
Is 459576180 a multiple of 162?
True
Does 21 divide 9272611?
False
Is 14 a factor of 57789956?
True
Does 75 divide 461314056?
False
Does 516 divide 53305751?
False
Is 1300215070 a multiple of 322?
True
Is 5884 a factor of 2446955544?
True
Is 5108493 a multiple of 3?
True
Is 545 a factor of 8623087?
False
Does 202 divide 10746792?
False
Does 55 divide 1902824512?
False
Is 29392908 a multiple of 43?
True
Does 18 divide 13504842?
True
Is 67 a factor of 11205277?
False
Does 33 divide 119906028?
True
Is 2954 a factor of 257175352?
False
Is 47354778 a multiple of 83?
False
Is 1698479442 a multiple of 799?
False
Does 142 divide 11671832?
True
Is 251588547 a multiple of 87?
False
Does 39 divide 217931259?
True
Does 3872 divide 122925732?
False
Is 18 a factor of 35315426?
False
Does 1912 divide 74814648?
True
Is 40333982 a multiple of 912?
False
Does 315 divide 55753110?
True
Is 27 a factor of 51243168?
False
Does 95 divide 723689765?
True
Does 3412 divide 76605110?
False
Is 48 a factor of 569044401?
False
Does 379 divide 1402808747?
False
Does 226 divide 45176722?
True
Is 851866390 a multiple of 5039?
False
Is 637523856 a multiple of 954?
True
Is 138626690 a multiple of 5?
True
Is 60452552 a multiple of 181?
True
Is 308 a factor of 45336669?
False
Does 9859 divide 1565889377?
False
Is 42980260 a multiple of 117?
False
Is 4 a factor of 3010218?
False
Is 27355833 a multiple of 84?
False
Is 57 a factor of 152972369?
False
Is 36609498 a multiple of 9?
True
Does 28 divide 43981155?
False
Is 904629782 a multiple of 232?
False
Does 4 divide 1545296?
True
Does 5 divide 25507793?
False
Is 67 a factor of 1906338136?
True
Is 35019239 a multiple of 10?
False
Is 23008556 a multiple of 723?
False
Is 23 a factor of 19392548?
False
Is 208 a factor of 157743266?
False
Does 835 divide 3582022080?
False
Is 13 a factor of 13986792?
False
Is 68192786 a multiple of 42?
False
Is 11 a factor of 11204979?
False
Is 155405136 a multiple of 24?
True
Is 79053666 a multiple of 184?
False
Does 110 divide 10900560?
True
Is 8 a factor of 8770358?
False
Does 119 divide 363035298?
False
Is 14921525 a multiple of 36?
False
Is 51122178 a multiple of 81?
True
Is 70504450 a multiple of 5?
True
Is 963438258 a multiple of 89?
False
Is 4 a factor of 20610860?
True
Is 23 a factor of 3756302960?
True
Is 4767 a factor of 195918649?
False
Is 262 a factor of 15927453?
False
Does 123 divide 51887298?
False
Is 74 a factor of 71004197?
False
Is 1879 a factor of 103194680?
True
Is 82217642 a multiple of 1079?
True
Is 6 a factor of 430172338?
False
Is 5047495211 a multiple of 2893?
True
Is 19 a factor of 173014722?
True
Does 4268 divide 2911392380?
False
Is 143176902 a multiple of 23?
False
Is 152105088 a multiple of 48?
True
Does 356 divide 68911276?
True
Does 134 divide 600302312?
True
Does 52 divide 3041822987?
False
Is 517646865 a multiple of 15?
True
Is 22502751 a multiple of 235?
False
Is 254028924 a multiple of 2994?
True
Does 1473 divide 131357118?
False
Is 2 a factor of 8709089?
False
Does 1514 divide 95852854?
True
Is 599044743 a multiple of 963?
True
Does 281 divide 4719395?
True
Does 108 divide 10531955?
False
Does 29 divide 17703763?
False
Is 13 a factor of 205911797?
True
Is 4543 a factor of 828693173?
True
Is 10 a factor of 624159857?
False
Is 610 a factor of 31027650?
True
Does 672 divide 216544627?
False
Is 3733414 a multiple of 12?
False
Does 378 divide 13340637?
False
Is 697216 a multiple of 838?
True
Does 260 divide 604118975?
False
Is 6541740 a multiple of 45?
True
Is 538299120 a multiple of 506?
False
Is 6 a factor of 17157656?
False
Does 125 divide 1130047000?
True
Is 327067452 a multiple of 5911?
True
Does 2277 divide 232978086?
True
Is 17123607 a multiple of 6?
False
Is 121 a factor of 92486152?
False
Does 36 divide 43812252?
True
Does 9 divide 118697434?
False
Is 3 a factor of 197508?
True
Is 418384940 a multiple of 3148?
True
Does 100 divide 46462900?
True
Is 9011393 a multiple of 8?
False
Does 3 divide 5586933?
True
Is 3030292 a multiple of 131?
True
Does 274 divide 342943382?
False
Is 372 a factor of 1424905074?
False
Does 4 divide 58961468?
True
Is 1856 a factor of 22769764?
False
Is 55 a factor of 20783213?
False
Is 3272 a factor of 94400472?
True
Is 583 a factor of 1362738597?
True
Is 728519256 a multiple of 354?
True
Is 1308 a factor of 135844956?
T